67 a composite number?
False
Is 1036613 a composite number?
False
Is 8277083 a prime number?
True
Is 24483709 a composite number?
False
Is 815479507 a prime number?
False
Is 16018181 a composite number?
False
Is 44462111 a composite number?
False
Is 497699149 a prime number?
False
Is 2067581 a prime number?
True
Is 7191127 a prime number?
True
Is 11776097 prime?
True
Is 3231401 prime?
True
Is 67767127 prime?
True
Is 6414269 a prime number?
True
Is 39042518 composite?
True
Is 4037961 a prime number?
False
Is 4374365 composite?
True
Is 2559922 prime?
False
Is 44943694 a prime number?
False
Is 208577 prime?
True
Is 17073263 prime?
False
Is 1076639 composite?
False
Is 7749993 composite?
True
Is 296433593 a prime number?
False
Is 9492971 a composite number?
False
Is 124457 a composite number?
True
Is 564550691 composite?
False
Is 63018499 composite?
False
Is 79060942 a composite number?
True
Is 20341259 composite?
True
Is 112222133 a prime number?
True
Is 59159 prime?
True
Is 5546273 composite?
False
Is 338497 prime?
True
Is 72491381 a composite number?
True
Is 359032997 a prime number?
True
Is 1309333 composite?
False
Is 72950437 composite?
True
Is 75132761 composite?
True
Is 1516391 a composite number?
False
Is 130702249 composite?
False
Is 98109839 a prime number?
False
Is 25081621 composite?
False
Is 989670107 a prime number?
True
Is 46004827 composite?
True
Is 1410161 composite?
True
Is 901841 prime?
True
Is 207928081 prime?
True
Is 28783217 a composite number?
False
Is 307774897 composite?
True
Is 6052841 prime?
False
Is 65430371 composite?
False
Is 13725599 a composite number?
True
Is 4938929 composite?
False
Is 89293 a prime number?
True
Is 2671241 composite?
False
Is 163061 a composite number?
False
Is 766709 composite?
True
Is 8030227 a composite number?
False
Is 83652821 prime?
False
Is 152583477 composite?
True
Is 1959487 prime?
True
Is 15638963 a composite number?
True
Is 18781729 a composite number?
True
Is 24561023 a prime number?
False
Is 90136847 composite?
True
Is 16740683 a composite number?
False
Is 659206649 prime?
True
Is 170685133 composite?
False
Is 69436882 a composite number?
True
Is 4269059 composite?
True
Is 9960143 a prime number?
True
Is 559799 a prime number?
True
Is 2254619 prime?
False
Is 500506697 composite?
False
Is 4833271 a prime number?
True
Is 3986111 composite?
False
Is 7220051 prime?
False
Is 32724583 a prime number?
False
Is 217703663 a composite number?
False
Is 210841781 a composite number?
False
Is 28579213 a composite number?
True
Is 16834681 composite?
False
Is 4001689 a composite number?
False
Is 41335267 composite?
False
Is 418068253 prime?
False
Is 3287833 composite?
False
Is 10663907 prime?
False
Is 21061427 prime?
True
Is 2758255 a composite number?
True
Is 4086713 a prime number?
True
Is 128779037 prime?
False
Is 1109473 a composite number?
False
Is 25679441 prime?
True
Is 15537869 a prime number?
False
Is 2898149 a prime number?
False
Is 1118911 composite?
False
Is 212515799 prime?
False
Is 992191 prime?
False
Is 1914691 prime?
True
Is 4865929 a prime number?
True
Is 95755247 a prime number?
False
Is 13137467 prime?
False
Is 690101569 prime?
False
Is 18832657 composite?
True
Is 489669941 a composite number?
False
Is 473893 a composite number?
True
Is 64727603 composite?
False
Is 199848059 composite?
False
Is 40231 a prime number?
True
Is 187554139 composite?
False
Is 660901 composite?
False
Is 3083629 a prime number?
False
Is 2959783 a composite number?
False
Is 39113677 a composite number?
False
Is 198304373 prime?
True
Is 12882953 a prime number?
True
Is 2001239 a composite number?
True
Is 6915185 a prime number?
False
Is 230978101 a composite number?
False
Is 1222721 composite?
True
Is 6597347 a composite number?
False
Is 11764231 a composite number?
False
Is 36699307 a prime number?
True
Is 31714703 prime?
False
Is 16947299 a prime number?
True
Is 1708103 a prime number?
True
Is 114506597 composite?
True
Is 46211279 prime?
True
Is 176259019 composite?
True
Is 4845749 composite?
True
Is 82136477 a prime number?
False
Is 21346979 prime?
True
Is 513150893 a composite number?
False
Is 5084069 a composite number?
False
Is 5756215 a composite number?
True
Is 777799 a prime number?
False
Is 148711135 a composite number?
True
Is 71308561 composite?
True
Is 6327761 a composite number?
True
Is 267992509 a composite number?
True
Is 30907333 composite?
True
Is 54749699 prime?
False
Is 6603617 prime?
True
Is 28762463 a prime number?
False
Is 86654411 a composite number?
False
Is 188400491 a composite number?
False
Is 13360427 prime?
False
Is 1586089 prime?
True
Is 89842939 prime?
False
Is 21375949 composite?
True
Is 73929091 composite?
True
Is 3160811 prime?
True
Is 8657291 a composite number?
False
Is 6368279 composite?
False
Is 4964461 composite?
False
Is 1186867 composite?
True
Is 163501049 composite?
False
Is 105144899 a prime number?
False
Is 163455481 prime?
False
Is 324141529 a prime number?
True
Is 128971193 composite?
True
Is 2289857 a prime number?
False
Is 29815743 a composite number?
True
Is 3707923 composite?
False
Is 30354493 a composite number?
True
Is 787608593 prime?
False
Is 295129477 a prime number?
True
Is 5599637 composite?
False
Is 2363327 composite?
False
Is 30145 a prime number?
False
Is 54131201 a prime number?
True
Is 6230167 a prime number?
True
Is 73291373 a prime number?
False
Is 7030613 a prime number?
True
Is 14414749 composite?
True
Is 4638287 a prime number?
True
Is 20305339 prime?
True
Is 246017 composite?
False
Is 9476891 a composite number?
False
Is 6337847 a composite number?
False
Is 1491377 a prime number?
True
Is 20597347 prime?
False
Is 12796169 a composite number?
False
Is 978413 a prime number?
True
Is 1634658319 a prime number?
False
Is 964147 a prime number?
False
Is 545328197 composite?
True
Is 201413 a prime number?
True
Is 17995939 prime?
False
Is 35166259 a prime number?
True
Is 168677 prime?
True
Is 8456827 a composite number?
False
Is 1669783 a composite number?
False
Is 805423 a prime number?
False
Is 22028893 composite?
True
Is 5520521 composite?
False
Is 22801639 a composite number?
True
Is 2312689 composite?
False
Is 24326033 prime?
True
Is 353294933 a composite number?
False
Is 6056329 prime?
True
Is 10165913 composite?
False
Is 102551713 prime?
False
Is 363197831 a prime number?
True
Is 6369013 a composite number?
True
Is 4840589 a prime number?
False
Is 1303897 a prime number?
False
Is 509643949 a prime number?
False
Is 10255555 prime?
False
Is 208011835 a composite number?
True
Is 88185619 prime?
True
Is 73319173 composite?
False
Is 17269111 prime?
True
Is 152925871 prime?
False
Is 103075103 prime?
False
Is 10035799 a composite number?
False
Is 59020229 prime?
False
Is 402559 a composite number?
False
Is 511849543 a composite number?
False
Is 11266049 a prime number?
False
Is 248957153 a prime number?
False
Is 1754054 a composite number?
True
Is 62199257 composite?
True
Is 112696499 prime?
False
Is 5466829 prime?
True
Is 5512229 a prime number?
True
Is 3521861 prime?
False
Is 137147117 prime?
False
Is 17032306 prime?
False
Is 7714099 prime?
True
Is 6022799 composite?
False
Is 21523129 composite?
True
Is 1827863 a composite number?
False
Is 7726385 a prime number?
False
Is 408303827 prime?
True
Is 54647 a composite number?
False
Is 325309135 a prime number?
False
Is 1716733 a prime number?
True
Is 108725599 prime?
True
Is 2025319 composite?
True
Is 19062177 a composite number?
True
Is 413553067 a prime number?
False
Is 3603433 prime?
False
Is 71057989 a composite number?
True
Is 1307863 a prime number?
True
Is 59313563 composite?
True
Is 7569697 prime?
True
Is 3155557 composite?
True
Is 5416051 a prime number?
False
Is 116069 a composite number?
True
Is 655833 a prime number?
False
Is 8681429 a prime number?
True
Is 741424405 a composite number?
True
Is 756180419 composite?
True
Is 585239 prime?
False
Is 1019485 composite?
True
Is 28582673 composite?
True
Is 184123061 prime?
True
Is 41252117 composite?
True
Is 84553331 a prime number?
True
Is 693569 prime?
True
Is 29895211 composite?
True
Is 81727387 a prime number?
False
Is 212102621 a prime number?
True
Is 4746269 composite?
True
Is 299611329 a prime number?
False
Is 3995581 a composite num